6464?
2, 11351
What are the prime factors of 252494?
2, 11, 23, 499
What are the prime factors of 1783742?
2, 17, 23, 2281
What are the prime factors of 330680?
2, 5, 7, 1181
What are the prime factors of 13615302?
2, 3, 2269217
What are the prime factors of 12603198?
2, 3, 2100533
List the prime factors of 26097821.
2081, 12541
What are the prime factors of 3060945?
3, 5, 251, 271
List the prime factors of 253141.
7, 29, 43
What are the prime factors of 1043135?
5, 208627
What are the prime factors of 41549?
41549
What are the prime factors of 2802728?
2, 19, 18439
What are the prime factors of 250259?
250259
What are the prime factors of 29999140?
2, 5, 59, 25423
What are the prime factors of 808803?
3, 89867
List the prime factors of 602517.
3, 107, 1877
What are the prime factors of 4030548?
2, 3, 335879
List the prime factors of 231377.
401, 577
What are the prime factors of 1709530?
2, 5, 170953
List the prime factors of 2542231.
17, 149543
What are the prime factors of 1311676?
2, 47, 6977
List the prime factors of 4725820.
2, 5, 11, 21481
What are the prime factors of 1255615?
5, 19, 13217
What are the prime factors of 707269?
131, 5399
List the prime factors of 164800.
2, 5, 103
List the prime factors of 159972.
2, 3, 13331
List the prime factors of 4563054.
2, 3, 41, 229
List the prime factors of 689923.
13, 73, 727
List the prime factors of 2315701.
19, 307, 397
List the prime factors of 1828256.
2, 19, 31, 97
What are the prime factors of 905156?
2, 7, 32327
List the prime factors of 678630.
2, 3, 5, 22621
List the prime factors of 8926899.
3, 83, 35851
List the prime factors of 1509243.
3, 17, 101, 293
List the prime factors of 3959236.
2, 167, 5927
What are the prime factors of 30758919?
3, 10252973
List the prime factors of 1855491.
3, 11, 59, 953
What are the prime factors of 1030965?
3, 5, 13, 17, 311
What are the prime factors of 59792?
2, 37, 101
What are the prime factors of 269263?
17, 47, 337
What are the prime factors of 521316?
2, 3, 1609
What are the prime factors of 667480?
2, 5, 11, 37, 41
What are the prime factors of 1788234?
2, 3, 7, 42577
List the prime factors of 23725766.
2, 43, 275881
What are the prime factors of 29030355?
3, 5, 331, 1949
What are the prime factors of 9364444?
2, 2341111
List the prime factors of 216425.
5, 11, 787
List the prime factors of 3482394.
2, 3, 461, 1259
List the prime factors of 6979156.
2, 19, 131, 701
List the prime factors of 5977420.
2, 5, 31, 311
What are the prime factors of 242005?
5, 29, 1669
What are the prime factors of 1421329?
7, 13, 15619
List the prime factors of 2233811.
19, 89, 1321
List the prime factors of 250624.
2, 11, 89
List the prime factors of 2343600.
2, 3, 5, 7, 31
List the prime factors of 1972073.
47, 41959
List the prime factors of 9468.
2, 3, 263
What are the prime factors of 321279?
3, 7, 15299
List the prime factors of 3439171.
19, 31, 5839
List the prime factors of 417662.
2, 7, 29833
List the prime factors of 798146.
2, 23, 17351
What are the prime factors of 1841519?
1841519
List the prime factors of 16390562.
2, 491, 16691
List the prime factors of 19246361.
613, 31397
What are the prime factors of 1650138?
2, 3, 7, 101, 389
What are the prime factors of 16322482?
2, 11, 17, 19, 2297
What are the prime factors of 1097765?
5, 181, 1213
What are the prime factors of 4575556?
2, 127, 9007
What are the prime factors of 98035?
5, 7, 2801
What are the prime factors of 18386897?
18386897
What are the prime factors of 4005440?
2, 5, 12517
What are the prime factors of 1410382?
2, 705191
What are the prime factors of 2635868?
2, 29, 31, 733
List the prime factors of 8022424.
2, 43, 23321
List the prime factors of 373875.
3, 5, 997
What are the prime factors of 683071?
683071
What are the prime factors of 707292?
2, 3, 37, 59
List the prime factors of 43988.
2, 7, 1571
What are the prime factors of 7168335?
3, 5, 223, 2143
What are the prime factors of 11114?
2, 5557
List the prime factors of 507185.
5, 7, 43, 337
What are the prime factors of 675839?
675839
What are the prime factors of 30748?
2, 7687
List the prime factors of 338920.
2, 5, 37, 229
List the prime factors of 1938830.
2, 5, 193883
List the prime factors of 807489.
3, 3323
What are the prime factors of 338754?
2, 3, 13, 43, 101
List the prime factors of 1051124.
2, 262781
List the prime factors of 343937.
11, 31267
What are the prime factors of 18544?
2, 19, 61
List the prime factors of 136971.
3, 19, 89
List the prime factors of 11120428.
2, 11, 252737
What are the prime factors of 6688740?
2, 3, 5, 41, 2719
List the prime factors of 732524.
2, 13, 14087
List the prime factors of 80538.
2, 3, 31, 433
What are the prime factors of 963131?
13, 41, 139
List the prime factors of 2140796.
2, 7, 101, 757
List the prime factors of 8906424.
2, 3, 31, 11971
What are the prime factors of 2844699?
3, 11, 13, 19, 349
What are the prime factors of 15214056?
2, 3, 11, 13, 31
List the prime factors of 2801592.
2, 3, 167, 233
What are the prime factors of 5131344?
2, 3, 106903
What are the prime factors of 427258?
2, 13, 16433
List the prime factors of 245981.
245981
List the prime factors of 184097.
227, 811
What are the prime factors of 1269780?
2, 3, 5, 21163
List the prime factors of 952902.
2, 3, 167, 317
List the prime factors of 64134.
2, 3, 7, 509
List the prime factors of 2441399.
463, 5273
What are the prime factors of 14021763?
3, 7, 59, 11317
What are the prime factors of 707654?
2, 67, 5281
List the prime factors of 5030843.
719, 6997
What are the prime factors of 11151714?
2, 3, 7, 83, 457
What are the prime factors of 254225?
5, 10169
List the prime factors of 47319.
3, 15773
What are the prime factors of 7682053?
7682053
What are the prime factors of 33409361?
33409361
List the prime factors of 13974701.
13, 1074977
What are the prime factors of 4046678?
2, 31, 65269
List the prime factors of 3324553.
941, 3533
What are the prime factors of 1278491?
19, 67289
What are the prime factors of 8940376?
2, 23, 48589
What are the prime factors of 1240134?
2, 3, 7, 29527
List the prime factors of 3151989.
3, 23, 15227
List the prime factors of 276276.
2, 3, 7, 11, 13, 23
List the prime factors of 71079.
3, 19, 29, 43
What are the prime factors of 10986439?
107, 102677
What are the prime factors of 208974?
2, 3, 29, 1201
What are the prime factors of 124076?
2, 31019
What are the prime factors of 439354?
2, 219677
What are the prime factors of 296028?
2, 3, 2741
List the prime factors of 3576832.
2, 7, 499
What are the prime factors of 308267?
43, 67, 107
List the prime factors of 124869.
3, 107, 389
What are the prime factors of 87131?
11, 89
What are the prime factors of 45928?
2, 5741
List the prime factors of 33483135.
3, 5, 7, 89, 3583
List the prime factors of 3471085.
5, 163, 4259
What are the prime factors of 2319282?
2, 3, 7, 79, 233
What are the prime factors of 150991?
150991
List the prime factors of 504827.
23, 47, 467
What are the prime factors of 8647540?
2, 5, 11, 23, 1709
What are the prime factors of 3417952?
2, 17, 61, 103
What are the prime factors of 42034?
2, 21017
List the prime factors of 7021227.
3, 709, 3301
List the prime factors of 530479.
127, 4177
List the prime factors of 396365.
5, 79273
What are the prime factors of 16130347?
173, 93239
List the prime factors of 506627.
11, 53, 79
List the prime factors of 393179.
569, 691
What are the prime factors of 161499?
3, 13, 41, 101
List the prime factors of 2706990.
2, 3, 5, 11, 13, 631
What are the prime factors of 303222?
2, 3, 97, 521
List the prime factors of 5588546.
2, 17, 19, 41, 211
What are the prime factors of 1033046?
2, 7, 113, 653
What are the prime factors of 1012230?
2, 3, 5, 23, 163
List the prime factors of 21883222.
2, 151, 72461
What are the prime factors of 30845?
5, 31, 199
List the prime factors of 12853925.
5, 7, 1499
List the prime factors of 6086280.
2, 3, 5, 67, 757
List the prime factors of 12067140.
2, 3, 5, 201119
What are the prime factors of 467312?
2, 29207
What are the prime factors of 13643320?
2, 5, 341083
What are the prime factors of 1329687?
3, 147743
List the prime factors of 11729584.
2, 733099
List the prime factors of 244709.
107, 2287
List the prime factors of 25298.
2, 7, 13